pose 4*d = d + 81. List the prime factors of d.
3
Suppose 5*a = -4*n + 58, 2*a = 2*n - 3*n + 22. Let g be (16/(-6))/(4/(-6)). List the prime factors of (g/(-4))/((-2)/a).
5
Suppose 5*l - 2*b - 2*b - 200 = 0, 0 = 5*l + 3*b - 165. List the prime factors of l.
2, 3
Suppose -2*a + 194 = 4. List the prime factors of a.
5, 19
Suppose 2 - 8 = -3*l, 0 = -3*z + l + 7. Suppose q + 6*v - 22 = v, 2*q - 44 = -z*v. List the prime factors of q.
2, 11
Suppose -448 = r - 8*r. What are the prime factors of r?
2
Suppose -6*h + 147 + 9 = 0. What are the prime factors of h?
2, 13
Suppose -4*w - w + 775 = 0. List the prime factors of w.
5, 31
Suppose 2*g = g + 2. Suppose 2*v + 98 = g*s, -4*v - 19 - 27 = -s. What are the prime factors of s?
2, 5
Let v(j) = j**2 - 18*j - 14. Let d(a) = -2*a**2 + 19*a + 14. Let b(p) = 2*d(p) + 3*v(p). What are the prime factors of b(-11)?
41
Suppose q + 2*q - 10 = m, 0 = -4*q - 4*m + 24. Suppose 0 = -6*y + q*y. Suppose -c + o = -0*o - 8, y = -4*c - 5*o + 50. What are the prime factors of c?
2, 5
Let t = -39 + 47. List the prime factors of t.
2
Let d be (2/(-2))/(2/(-8)). Suppose 0 = -2*f - f. Let s = d - f. What are the prime factors of s?
2
Let i(z) = z**3 - 18*z**2 + 22*z - 22. List the prime factors of i(17).
3, 7
Suppose 15*r - 19*r = -148. What are the prime factors of r?
37
Let f(x) = -x**3 + 8*x**2 + 11*x + 6. Let r be f(9). Suppose 5*j - 1 = r. Suppose b - j = 7. List the prime factors of b.
2, 3
Let f = 28 + -14. What are the prime factors of f?
2, 7
Suppose 3*k - 4*k + 78 = 0. What are the prime factors of k?
2, 3, 13
Let w = 10 + -6. Suppose 0 = f - 0*f - w. Suppose -f*h + 7 = 5*v, -3*h = -0*h + 2*v - 7. What are the prime factors of h?
3
Suppose 26*y - 21*y = 1010. List the prime factors of y.
2, 101
Let s = -2 + 6. Suppose 7*c + 4*n + 22 = s*c, n - 5 = c. What are the prime factors of (-32)/c + (-3)/9?
5
Suppose 2*p - 6*p + 5*o = -21, p + 2*o - 2 = 0. Suppose 0 = 2*i - 0*i - 5*l - 75, 3*l - 141 = -5*i. Suppose k = p*k - i. What are the prime factors of k?
2, 5
Let c = 337 + -240. List the prime factors of c.
97
Let o(u) = u**3 + 9*u**2 - 17*u - 10. List the prime factors of o(-10).
2, 3, 5
Let m(o) = -5*o**3 - o**2 - 5*o - 3. Let z be m(-3). Suppose -c - z = -4*c. Let a = c - 28. What are the prime factors of a?
2, 3
Let x(m) = -m**3 + 16. Let j be x(0). Suppose -3*l + j = -2*l. What are the prime factors of l?
2
List the prime factors of ((-28)/(-10))/((-4)/(-120)).
2, 3, 7
Let d = 0 - 1. Let c be 128/12 - 2/3. Let g = c - d. What are the prime factors of g?
11
Let m(z) = -z**3 + 5*z**2 - z - 2. Suppose -d - 4*s - 7 + 1 = 0, 2*d - 12 = 4*s. What are the prime factors of m(d)?
2
Let y be (-3 - -1)*(-15)/10. Suppose y*k - 94 = -4. Suppose 4*i + 2*j = k, -5*j - 11 = -i - 2*j. List the prime factors of i.
2
Let m = -110 + 228. List the prime factors of m.
2, 59
Let f = -7 - -12. What are the prime factors of f?
5
Suppose a = 2*a + 8. Let r = 16 + a. List the prime factors of r.
2
Let j(x) = -x**3 + 10*x**2 + x + 2. List the prime factors of j(7).
2, 3, 13
Let m(l) = -3*l - 8. Let v be m(-6). Let u(i) = i**2 - 11*i + 10. Let k be u(v). Suppose k = -g + 7 + 4. What are the prime factors of g?
11
Let u be ((-1)/(-4))/((-7)/(-1204)). Suppose 10*g = 11*g - u. What are the prime factors of g?
43
Suppose 4*l + g = -0*g - 39, 0 = 4*g - 4. Let k = 22 + l. List the prime factors of k.
2, 3
Let n be (-3)/(-2 - 15/(-12)). Suppose 5*t + 57 = -4*z, -3*z - 2*z - 69 = n*t. Let p = z + 21. List the prime factors of p.
2
Suppose 5*g - 38 = 117. List the prime factors of 2 + g - 1*2.
31
Let w be (-63)/14*4/(-6). Suppose z + 0*y + y = 4, z = w*y. What are the prime factors of z?
3
Let l be -3 + 2/((-4)/6). Let u be 4/l*(-9)/2. Suppose -x + 44 = u*x. List the prime factors of x.
11
Let c = 857 - 521. List the prime factors of c.
2, 3, 7
Suppose -5*d = -0*d - 130. Let j = d - 16. What are the prime factors of j?
2, 5
Suppose 2 = -r + 5. Suppose r*y = -2*y. List the prime factors of y + -1 - 1 - -12.
2, 5
Suppose -8 = -2*j - 2. Let b = 17 + j. Suppose 2*z - b + 0 = 0. List the prime factors of z.
2, 5
Suppose -7 = b - 26. What are the prime factors of b?
19
What are the prime factors of (-366)/(-3) + (-1 - -1)?
2, 61
Suppose 14 = -2*x - 12. Let n(z) = -z**2 + 2. Let l be n(-3). Let u = l - x. What are the prime factors of u?
2, 3
Let s(q) = 3*q + 9. Let y be s(-6). Let o be 3/6 + 37/2. Let c = y + o. List the prime factors of c.
2, 5
Let j(i) = 7 - 2 - 2*i - 5 - 1 + 48*i**2. List the prime factors of j(-1).
7
Suppose -x = -5*x + j + 18, 0 = -5*x - j + 18. Suppose x*v = 3*v + 8. What are the prime factors of v?
2
Suppose -2*f = -409 + 113. What are the prime factors of f?
2, 37
Suppose 3*j - 8 - 4 = 0. Suppose -12 = -j*l + 88. List the prime factors of l.
5
Suppose 4*t = -6*g + 3*g + 53, -2*g + 28 = 2*t. Let d = -8 + t. Suppose 3 = 2*b - d*u - 25, 0 = -4*b - 4*u + 36. List the prime factors of b.
11
Let l(q) = 10*q - 5. Let o(b) = 21*b - 11. Let v = 8 - 2. Let f(w) = v*o(w) - 13*l(w). What are the prime factors of f(-4)?
3, 5
Let z(f) = -f + 15. Let y be z(10). What are the prime factors of (-82)/(-8) - y/20?
2, 5
Let u(h) = -43*h. What are the prime factors of u(-1)?
43
Suppose -2*d - z + 683 = -2*z, 0 = -z - 1. What are the prime factors of d?
11, 31
Let f(n) = 0 - 289*n + 299*n - 1. Let r = -3 + 4. What are the prime factors of f(r)?
3
Suppose 2*x = -7*x + 243. List the prime factors of x.
3
Let r be 2/(-1) - 30/1. Let o be 2/7 - 384/21. Let h = o - r. List the prime factors of h.
2, 7
Let s(p) = -p + 19. What are the prime factors of s(0)?
19
Let p(d) = 2*d**2 - 6*d + 1. What are the prime factors of p(-10)?
3, 29
Suppose -2*k + 2*x - 15 = 3*x, 4*x = 5*k + 44. Let p(s) be the third derivative of -s**4/24 - s**3 - 3*s**2. What are the prime factors of p(k)?
2
Let a(d) = -61*d**3 - 3*d**2 - 3*d - 1. List the prime factors of a(-1).
2, 3, 5
Let f(y) = -y**2 + 6*y - 7. Let p be f(5). Let j be (-2)/p - 216/(-4). Suppose 7*c - 2*c = j. List the prime factors of c.
11
List the prime factors of (18/4)/((-1)/(-2)).
3
Suppose 4*q - 112 = -4*c, -3*q + 5*c = -5*q + 47. List the prime factors of q.
31
Let t be (-1)/(2/(-6)*-3). What are the prime factors of t/((-34)/11 - -3)?
11
Let v = 163 + -57. What are the prime factors of v?
2, 53
Let n be 1/4 - (-10)/(-8). Let z be (n - 1)*(-35)/(-10). List the prime factors of (z/2 - -2)*-8.
2, 3
Suppose -2*n = -3*n. Suppose -a + 1 + 2 = n. List the prime factors of a.
3
Let z(a) = a**2 + 7*a**3 + a - 3 + 1 - a**3 - 2*a**2. Let x be z(-2). What are the prime factors of 2/6 - x/12?
5
Suppose -4*f + 5*i = -3*f - 21, -3*f - 5*i = -3. Let x(s) = -s**3 + 7*s**2 - 3*s - 2. Let l be x(f). Suppose -t = t - l. What are the prime factors of t?
2
Suppose 0 = -f + 11 - 0. List the prime factors of 0 + (1 - 1) + f.
11
Let o(u) be the first derivative of -u**3/3 + 2*u**2 + 2. Let b be o(4). Suppose b*t - 2*t + 1 = -3*i, -t + 11 = 2*i. What are the prime factors of i?
3
Suppose -8*y + 6*y + 10 = 0. What are the prime factors of y?
5
Let i be (0/(-5))/(4/2). Suppose 2*q + 18 = -k + 2*k, i = -5*k - q + 145. List the prime factors of k.
2, 7
Suppose -9 = -6*p + 9. Let w(u) = -u - 1. Let m(d) = -10*d - 4. Let y(i) = -m(i) + 6*w(i). What are the prime factors of y(p)?
2, 5
Suppose 3*g = 88 + 35. What are the prime factors of g?
41
Let w(n) = 3*n**2 - 6*n + 29. List the prime factors of w(7).
2, 67
Suppose -9*q + 768 = -5*q. Suppose 13*z - 17*z = -q. What are the prime factors of z?
2, 3
Suppose -2*g + 2*i + 218 = 0, 0 = 3*g - 5*g + 4*i + 212. List the prime factors of g.
2, 7
Suppose 2*z - 12 = -2. Suppose 7 + 3 = -z*s. What are the prime factors of ((-18)/8)/(s/8)?
3
Let x = 92 + -55. What are the prime factors of x?
37
Let t be (-1)/(-2)*(2 + 8). Suppose -o = -5*i + 33, t*i + 6 = -4*o + 24. What are the prime factors of i?
2, 3
Let d(x) = 2*x**2 - 4*x - 5. List the prime factors of d(-4).
43
What are the prime factors of (-392)/(-12)*(-3)/(-2)?
7
Let a(d) = -65*d**3. List the prime factors of a(-1).
5, 13
Let u = -1 + 3. Suppose u*h = -4*g + 125 - 25, 5*g = h + 111. What are the prime factors of g?
23
Let v(k) = -4*k + 1. Let i be v(-1). Suppose i*r + 90 = 5*u, -5*r + 3*u = u + 87. Let y = -7 - r. List the prime factors of y.
2, 